) = -b**2 + 6*b. Let r be w(5). Suppose 0 = -m + 19 - r. What are the prime factors of m?
2, 7
Suppose -5*z + 35 = -4*b, z + 2*b - 3 = 4. Let n(o) = -o**2 + 8*o - 3. Let s be n(z). Suppose 20 = s*f - 0*f. What are the prime factors of f?
5
Suppose q = 5*v - 9, 2*q = 8*v - 4*v. Suppose 0 = 4*n - q - 2. Suppose -p = n*p - 6. What are the prime factors of p?
2
Suppose -101*v = -97*v - 756. What are the prime factors of v?
3, 7
Let w = 8 + -4. Let k(g) = 8*g + 1. What are the prime factors of k(w)?
3, 11
Let l(o) = o**2 - 4*o + 4. Let n be l(4). Suppose -n*a = -0*a - 180. Suppose 3*s - 12 = a. What are the prime factors of s?
19
Let m be 4*(-3)/12*-2. Suppose 0*z + m*z + 4*j - 2 = 0, -j = -4*z + 22. Suppose 8 = 6*q - z*q. What are the prime factors of q?
2
Let g be (-1)/2 + 9/18. Suppose o - 10 - 20 = g. List the prime factors of o.
2, 3, 5
Let v = -5 - -8. Suppose -2*k = v*k - 25. Suppose -9 + 39 = k*h - 5*x, 2*h + 5*x - 19 = 0. List the prime factors of h.
7
Let k be ((-2)/2)/((-3)/3). Let a = k + 3. Suppose r = a*r - 21. List the prime factors of r.
7
Let x be 68/14 + (-2)/(-14). Suppose 24 = 4*k - 0*k + 2*m, -x*m = -2*k + 36. Let u(h) = -h**2 + 11*h - 11. List the prime factors of u(k).
13
Let f = 155 - 91. Let q = f - 44. List the prime factors of q.
2, 5
Suppose 2*q - 40 = -2*c, 0 = c - 0*c - 2*q - 32. Suppose t + c = 3*t. What are the prime factors of t?
2, 3
Suppose -h - 1 = -4*m + 25, -5*m + 2*h + 31 = 0. Let q = 0 + m. List the prime factors of q.
7
Suppose 405 = 9*k - 792. What are the prime factors of k?
7, 19
Suppose 5*k = -5*b - 100, -3*k + 50 = -3*b - k. What are the prime factors of ((-12)/b)/(1/6)?
2
Let q(p) = p**3 + 2*p + 4. What are the prime factors of q(3)?
37
Let k(b) = -3*b - 7. List the prime factors of k(-7).
2, 7
Let x(q) = 6*q + 2. List the prime factors of x(6).
2, 19
List the prime factors of (-36*14/105)/(1/(-75)).
2, 3, 5
Suppose -177 = -4*y + g, -76 - 98 = -4*y + 2*g. What are the prime factors of y?
3, 5
Let t be -2 - 4 - (2 + 1). What are the prime factors of 2/t - (-282)/54?
5
Let w(t) = -9 - 3*t**2 - 3*t + 3*t - 3*t. Let y(j) = -j**2 - j - 4. Let z(f) = -2*w(f) + 5*y(f). What are the prime factors of z(-3)?
2
Let z be -2 + (2 + -1)*1. Let o = z + 22. What are the prime factors of o?
3, 7
Let c(d) = 4*d**2 + 2*d - 9. List the prime factors of c(6).
3, 7
Let h be 6*1*(5 - 4). Let y = 10 - h. List the prime factors of y.
2
Suppose -35*n = -39*n + 232. What are the prime factors of n?
2, 29
Let r be ((-4)/3)/((-3)/9). Suppose -z + 0*z = r. List the prime factors of z/(-4) + (-3)/(-1).
2
Suppose 2*l = 4 - 2. Let i = l + 1. Suppose -i*a = a - 3*n - 9, 0 = -3*a - n + 9. List the prime factors of a.
3
Let y be 6 + (-1 - -3) + -4. Suppose -4*z = -5*k - 36, -4*z + 16 - y = k. Suppose 3*o - o = -z*u + 38, 3 = u. What are the prime factors of o?
13
Suppose -n = o - 4, 3*o = -5*n + 2*o + 24. Suppose c + 45 = 4*c - 3*q, 0 = -n*q - 20. List the prime factors of c.
11
Let h(k) = k**3 + 2*k**2 - 2. Let p be h(-2). Let r be ((-4)/6)/((-6)/(-9)). List the prime factors of p + 5 - 2/r.
5
Let l = 3 - -10. List the prime factors of l.
13
Suppose -7*j + 75 = -4*j. Let h = j + -10. What are the prime factors of h?
3, 5
Let b(r) = -r**2 + 8*r - 3. Let d be b(7). Let x = -3 + d. List the prime factors of 2 - (x - (-2)/(-2)).
2
Suppose 1 - 4 = f. List the prime factors of (2/f)/((-12)/666).
37
Let x be 14/6*(-6 + 9). Let c(s) = -s**2 + 9*s - 10. List the prime factors of c(x).
2
Let g(v) = -v**2 - 12*v - 8. Let p be g(-9). Let w = -7 + p. List the prime factors of w.
2, 3
Let p(z) = z - 6. What are the prime factors of p(10)?
2
Let g be 2 - -2*(-2)/(-4). Suppose g = 3*w - 12. List the prime factors of w.
5
Suppose 0 = -u - 4. What are the prime factors of -1 - (u + 3/(-3))?
2
Let l(b) = b**3 + 7*b**2 - 20*b - 8. What are the prime factors of l(-9)?
2, 5
Let w(m) = 18*m**2 + 4*m + 5. Let g be w(-3). Suppose 5*h + 0*h - g = 0. What are the prime factors of h?
31
Let h be (1/(-2))/((-3)/(-12)). Let k be (-2)/(-1)*(h + 4). Suppose -k*t = -2*t - 12. What are the prime factors of t?
2, 3
Let v(b) = -b**3 + 5*b**2 + 6*b. Let q = -6 - -11. List the prime factors of v(q).
2, 3, 5
Let g(a) = 1. Let y(c) = 4*c**2 + 3*c - 3. Let j(l) = 2*g(l) + y(l). List the prime factors of j(2).
3, 7
Suppose 6 = 2*n, -x + 12 = -3*n + 1. List the prime factors of x.
2, 5
Suppose 3*d + 6 = -0, 4*d = -h + 4. What are the prime factors of h?
2, 3
Let c be 4*2*10/16. Suppose c*z + 2 = -3, z - 19 = -5*p. Suppose -10 = -p*l - 2. List the prime factors of l.
2
Let r be ((-1)/(-2))/((-4)/1040). Let s = 70 + r. List the prime factors of ((-18)/(-15))/((-9)/s).
2
Let b be 6/(-15) + (-52)/(-5). Suppose 4*q = -3*o + 64, 2*q + 4*o - 22 - b = 0. Suppose 4*a - q = 3*s - 51, -4*a + 43 = 3*s. What are the prime factors of s?
13
Suppose -4*t + 180 = -5*x, 3*t - x = 2*x + 132. Suppose 2*i = -0*i + t. List the prime factors of i.
2, 5
Suppose 5*y - 8 = y. What are the prime factors of y?
2
Let q = 0 + 2. Suppose 0 = 2*t + i - 45, -q*t - 4*i + 55 = t. What are the prime factors of t?
5
What are the prime factors of (348/48)/((-2)/(-40))?
5, 29
Let z = 153 + -49. What are the prime factors of z?
2, 13
What are the prime factors of -4 + 183 + 3 + 2?
2, 23
Let x(h) = -7*h - 10. Let v be x(-8). Let r = v - 33. List the prime factors of r.
13
Let d = -14 - 1. Let z = d + 38. What are the prime factors of z?
23
List the prime factors of 12*((-4 - -3) + 2).
2, 3
Let u = -2 + -3. Let c(v) = -v**3 - 2*v. Let h be c(-2). Let y = u + h. What are the prime factors of y?
7
List the prime factors of (-3)/2*2*-5.
3, 5
Suppose -2*p - 4 = 2*p. Let l = -3 - p. List the prime factors of (-2 - -13 - l) + -1.
2, 3
Let k(y) = y**3 + 13*y**2 + 23*y + 15. List the prime factors of k(-11).
2
Suppose 448 + 50 = 3*h. List the prime factors of h.
2, 83
What are the prime factors of 237 - (2 + -3) - 2?
2, 59
Let s be -3*(1 - 24/9). Suppose 0 = h - 2*n + 6*n + 15, -s*h = -4*n - 21. Let v(c) = 3*c**2 - c. List the prime factors of v(h).
2
Suppose -8*v - 23 = -2*n - 3*v, -3*v - 21 = -2*n. Let z = 16 - n. What are the prime factors of z?
7
Let p(h) be the third derivative of h**4/24 - h**3/3 + 2*h**2. Let l be p(4). Suppose 0 = -i - l + 7. What are the prime factors of i?
5
Let a be 2*3/2*4. Let f = a + -9. List the prime factors of f.
3
Let n = -119 + 244. What are the prime factors of n?
5
Let o = -100 + 235. List the prime factors of o.
3, 5
Let m = 64 - 53. What are the prime factors of m?
11
Let l(c) = 21*c + 39. List the prime factors of l(5).
2, 3
Let i be 1/(-3 - (-700)/232). Suppose 1 = -3*n + i. List the prime factors of n.
19
Let x(c) be the third derivative of c**6/120 + 7*c**5/30 - c**4/12 - 11*c**3/6 - 4*c**2. List the prime factors of x(-14).
17
Suppose 2*i + 4*w = 6*w + 70, 2*i + 2*w - 62 = 0. What are the prime factors of i?
3, 11
Let s(v) = v**3 + 8*v**2 + 9*v. Suppose 0 = 3*h + 5*c + 28, 5*h + 3*c = -15 - 21. What are the prime factors of s(h)?
2, 3
Let u(z) be the second derivative of -z**4/12 - 2*z**3/3 - 7*z. Let j(l) = l**2 - 3*l - 3. Let k be j(3). List the prime factors of u(k).
3
Let p(c) = c**2 - 2*c - 7. Let t be p(5). What are the prime factors of -7*t/20*-5?
2, 7
Suppose -27 = -3*q + 3*w, 4*w - 13 = -5*q + w. Suppose 7 = o + 3*a, -q*o + 0*a = 5*a - 25. What are the prime factors of o?
2
Let r(f) be the second derivative of f**4/12 + 2*f**3/3 - 2*f. Let y be r(-4). Suppose y*p - p = -12. List the prime factors of p.
2, 3
Suppose -6*q - 72 = -2*q. Let r = 28 + q. Let g = r + 5. What are the prime factors of g?
3, 5
Let r = 2 - -8. Let h(x) = -2*x**3 - x**2 - x - 1. Let o be h(-1). Let q = o + r. What are the prime factors of q?
11
Suppose -2*y = 2*q, -5*q - y - 4 = 8. Let s(m) = 2*m**2 - 5*m - 2. List the prime factors of s(q).
31
Let z be (10/(-4))/((-1)/2). Suppose 3*a + 48 - 12 = 4*w, -2*w + 32 = -z*a. What are the prime factors of w?
2, 3
Suppose -2*k + 2*q = q - 658, 3*q = 6. List the prime factors of k.
2, 3, 5, 11
Let w(u) = 2*u**2 + 3*u + 3. Let l be w(-2). Suppose -l*o = 4*p + 69, -12 = o - 4*p + 3*p. Let h = o - -19. What are the prime factors of h?
2, 3
Suppose 4*j = 5*j - 71. What are the prime factors of j?
71
Let x be (-8)/20 + 1016/(-10). Let v = -69 - x. What are the p